{"id":1750,"date":"2022-01-25T15:22:56","date_gmt":"2022-01-25T15:22:56","guid":{"rendered":"https:\/\/eledecolombia.com.co\/wordpress\/?page_id=1750"},"modified":"2025-04-07T15:55:53","modified_gmt":"2025-04-07T15:55:53","slug":"busqueda-de-certificados","status":"publish","type":"page","link":"https:\/\/eledecolombia.com.co\/wordpress\/busqueda-de-certificados\/","title":{"rendered":"Vacantes de empleo"},"content":{"rendered":"\n<div class=\"nfd-container nfd-p-lg nfd-theme-light nfd-bg-surface nfd-wb-call-to-action__cta-12 is-style-nfd-theme-light wp-block-group nfd-divider-arrow nfd-wb-animate nfd-wb-fade-in-left-short nfd-bg-effect-grid-3 has-global-padding is-layout-constrained wp-block-group-is-layout-constrained\">\n<div class=\"nfd-gap-xl wp-block-group is-vertical is-content-justification-center is-layout-flex wp-container-core-group-is-layout-ce155fab wp-block-group-is-layout-flex\">\n<div class=\"nfd-gap-md wp-block-group is-vertical is-content-justification-center is-layout-flex wp-container-core-group-is-layout-b6c1f246 wp-block-group-is-layout-flex\">\n<h2 class=\"nfd-text-xl nfd-text-contrast nfd-text-balance wp-block-heading has-text-align-center\">\u2728 <strong>\u00danete a Nuestro Equipo y S\u00e9 Parte del Cambio<\/strong><\/h2>\n\n\n\n<p class=\"has-text-align-center\">En <strong>ELE DE COLOMBIA<\/strong>, creemos que cada persona es clave para construir un mundo m\u00e1s sostenible. Si buscas un trabajo con prop\u00f3sito, estabilidad y oportunidades de crecimiento, \u00a1queremos conocerte!<\/p>\n\n\n\n<p class=\"\">\ud83d\udca1 <strong>Buscamos personas comprometidas, responsables y con ganas de aportar al cambio.<\/strong><\/p>\n<\/div>\n<\/div>\n<\/div>\n\n\n\n<div class=\"nfd-container nfd-p-md nfd-theme-white nfd-bg-surface nfd-wb-headings__heading-4 is-style-nfd-theme-white wp-block-group has-global-padding is-layout-constrained wp-container-core-group-is-layout-6141fbbf wp-block-group-is-layout-constrained\">\n<div class=\"nfd-gap-lg wp-block-group is-vertical is-content-justification-center is-layout-flex wp-container-core-group-is-layout-c19f5c31 wp-block-group-is-layout-flex\" style=\"margin-top:var(--wp--preset--spacing--20);margin-bottom:var(--wp--preset--spacing--20)\">\n<h2 class=\"wp-block-heading nfd-text-huge nfd-text-primary nfd-text-balance has-text-align-center has-text-color has-link-color wp-elements-3be7932533521d38a32f61c6efd2df8b\" style=\"color:#767676;letter-spacing:8px\">Vacantes disponibles<\/h2>\n<\/div>\n<\/div>\n\n\n\n<div class=\"nfd-container nfd-p-lg nfd-theme-white nfd-bg-surface nfd-wb-team__team-1 is-style-nfd-theme-white wp-block-group has-global-padding is-layout-constrained wp-container-core-group-is-layout-c5ac1ed3 wp-block-group-is-layout-constrained\" style=\"margin-top:0;margin-bottom:0;padding-top:var(--wp--preset--spacing--40);padding-right:0;padding-bottom:var(--wp--preset--spacing--40);padding-left:0\">\n<div class=\"nfd-gap-y-2xl wp-block-columns are-vertically-aligned-top is-layout-flex wp-container-core-columns-is-layout-28f84493 wp-block-columns-is-layout-flex\">\n<div class=\"wp-block-column is-vertically-aligned-top is-layout-flow wp-container-core-column-is-layout-8a368f38 wp-block-column-is-layout-flow\">\n<figure class=\"nfd-rounded-sm wp-block-image aligncenter size-large is-resized nfd-wb-animate nfd-wb-zoom-in\"><img loading=\"lazy\" decoding=\"async\" width=\"1024\" height=\"1024\" src=\"https:\/\/eledecolombia.com.co\/wordpress\/wp-content\/uploads\/WhatsApp-Image-2025-02-26-at-11.36.28-AM-1024x1024.jpeg\" alt=\"\" class=\"wp-image-3610\" style=\"aspect-ratio:1;object-fit:cover;width:400px\" srcset=\"https:\/\/eledecolombia.com.co\/wordpress\/wp-content\/uploads\/WhatsApp-Image-2025-02-26-at-11.36.28-AM-1024x1024.jpeg 1024w, https:\/\/eledecolombia.com.co\/wordpress\/wp-content\/uploads\/WhatsApp-Image-2025-02-26-at-11.36.28-AM-300x300.jpeg 300w, https:\/\/eledecolombia.com.co\/wordpress\/wp-content\/uploads\/WhatsApp-Image-2025-02-26-at-11.36.28-AM-150x150.jpeg 150w, https:\/\/eledecolombia.com.co\/wordpress\/wp-content\/uploads\/WhatsApp-Image-2025-02-26-at-11.36.28-AM-768x768.jpeg 768w, https:\/\/eledecolombia.com.co\/wordpress\/wp-content\/uploads\/WhatsApp-Image-2025-02-26-at-11.36.28-AM-600x600.jpeg 600w, https:\/\/eledecolombia.com.co\/wordpress\/wp-content\/uploads\/WhatsApp-Image-2025-02-26-at-11.36.28-AM-100x100.jpeg 100w, https:\/\/eledecolombia.com.co\/wordpress\/wp-content\/uploads\/WhatsApp-Image-2025-02-26-at-11.36.28-AM.jpeg 1080w\" sizes=\"auto, (max-width: 1024px) 100vw, 1024px\" \/><\/figure>\n\n\n\n<div class=\"nfd-gap-0 wp-block-group has-global-padding is-layout-constrained wp-container-core-group-is-layout-485824cd wp-block-group-is-layout-constrained\">\n<div class=\"nfd-gap-sm wp-block-group is-vertical is-content-justification-stretch is-layout-flex wp-container-core-group-is-layout-353c4f5a wp-block-group-is-layout-flex\">\n<div class=\"nfd-relative nfd-gap-0 nfd-pt-xs -nfd-top-0.5 nfd-border-primary wp-block-group is-vertical is-content-justification-stretch is-layout-flex wp-container-core-group-is-layout-353c4f5a wp-block-group-is-layout-flex\" style=\"border-top-width:4px\">\n<p class=\"nfd-text-primary nfd-text-md has-text-align-left has-body-text-color has-text-color has-link-color wp-elements-48e04b1828832f24b5daa8372e1c3a64\"><strong>CONDUCTOR OFICIOS VARIOS<\/strong><\/p>\n\n\n\n<p class=\"nfd-text-base has-text-align-left\">\ud83d\udd52 <strong>Horario de Trabajo:<\/strong><br>\u2705 Lunes a viernes: <strong>7:00 a.m. &#8211; 5:00 p.m.<\/strong><br>\u2705 \u00daltimo s\u00e1bado del mes: <strong>7:00 a.m. &#8211; 11:00 a.m.<\/strong><br>\ud83d\udcb0 <strong>Salario:<\/strong> A convenir<\/p>\n\n\n\n<p class=\"nfd-text-base has-text-align-center\"><strong>SUBE TU HOJA DE VIDA<\/strong><\/p>\n<\/div>\n\n\n\n<div class=\"nfd-text-pretty nfd-text-sm wp-block-group is-vertical is-content-justification-stretch is-layout-flex wp-container-core-group-is-layout-353c4f5a wp-block-group-is-layout-flex\"><\/div>\n\n\n\n<div style=\"height:0px\" aria-hidden=\"true\" class=\"wp-block-spacer wp-container-content-9760934e\"><\/div>\n<\/div>\n<\/div>\n<\/div>\n\n\n\n<div class=\"wp-block-column is-vertically-aligned-top is-layout-flow wp-container-core-column-is-layout-8a368f38 wp-block-column-is-layout-flow\">\n<figure class=\"nfd-rounded-sm wp-block-image aligncenter size-large is-resized nfd-wb-animate nfd-wb-zoom-in\"><img loading=\"lazy\" decoding=\"async\" width=\"1024\" height=\"1024\" src=\"https:\/\/eledecolombia.com.co\/wordpress\/wp-content\/uploads\/WhatsApp-Image-2025-02-26-at-11.36.28-AM-1-1024x1024.jpeg\" alt=\"\" class=\"wp-image-3623\" style=\"width:400px\" srcset=\"https:\/\/eledecolombia.com.co\/wordpress\/wp-content\/uploads\/WhatsApp-Image-2025-02-26-at-11.36.28-AM-1-1024x1024.jpeg 1024w, https:\/\/eledecolombia.com.co\/wordpress\/wp-content\/uploads\/WhatsApp-Image-2025-02-26-at-11.36.28-AM-1-300x300.jpeg 300w, https:\/\/eledecolombia.com.co\/wordpress\/wp-content\/uploads\/WhatsApp-Image-2025-02-26-at-11.36.28-AM-1-150x150.jpeg 150w, https:\/\/eledecolombia.com.co\/wordpress\/wp-content\/uploads\/WhatsApp-Image-2025-02-26-at-11.36.28-AM-1-768x768.jpeg 768w, https:\/\/eledecolombia.com.co\/wordpress\/wp-content\/uploads\/WhatsApp-Image-2025-02-26-at-11.36.28-AM-1-600x600.jpeg 600w, https:\/\/eledecolombia.com.co\/wordpress\/wp-content\/uploads\/WhatsApp-Image-2025-02-26-at-11.36.28-AM-1-100x100.jpeg 100w, https:\/\/eledecolombia.com.co\/wordpress\/wp-content\/uploads\/WhatsApp-Image-2025-02-26-at-11.36.28-AM-1.jpeg 1080w\" sizes=\"auto, (max-width: 1024px) 100vw, 1024px\" \/><\/figure>\n\n\n\n<div class=\"nfd-gap-0 wp-block-group has-global-padding is-layout-constrained wp-container-core-group-is-layout-485824cd wp-block-group-is-layout-constrained\">\n<div class=\"nfd-gap-sm wp-block-group is-vertical is-content-justification-stretch is-layout-flex wp-container-core-group-is-layout-353c4f5a wp-block-group-is-layout-flex\">\n<div class=\"nfd-relative nfd-gap-0 nfd-pt-xs -nfd-top-0.5 nfd-border-primary wp-block-group is-vertical is-content-justification-stretch is-layout-flex wp-container-core-group-is-layout-353c4f5a wp-block-group-is-layout-flex\" style=\"border-top-width:4px\">\n<p class=\"nfd-text-primary nfd-text-md has-text-align-left has-body-text-color has-text-color has-link-color wp-elements-7a6ab48e39882892d5a269be5d8d7810\"><strong>OPERARIO OFICIOS VARIOS<\/strong><\/p>\n\n\n\n<p class=\"nfd-text-base has-text-align-left\">\ud83d\udd52 <strong>Horario de Trabajo:<\/strong><br>\u2705 Lunes a viernes: <strong>7:00 a.m. &#8211; 5:00 p.m.<\/strong><br>\u2705 \u00daltimo s\u00e1bado del mes: <strong>7:00 a.m. &#8211; 11:00 a.m.<\/strong><br>\ud83d\udcb0 <strong>Salario:<\/strong> A convenir<\/p>\n\n\n\n<p class=\"nfd-text-base has-text-align-center\"><strong>SUBE TU HOJA DE VIDA<\/strong><\/p>\n<\/div>\n\n\n\n<div class=\"nfd-text-pretty nfd-text-sm wp-block-group is-vertical is-content-justification-stretch is-layout-flex wp-container-core-group-is-layout-353c4f5a wp-block-group-is-layout-flex\"><\/div>\n\n\n\n<div style=\"height:0px\" aria-hidden=\"true\" class=\"wp-block-spacer wp-container-content-9760934e\"><\/div>\n<\/div>\n<\/div>\n<\/div>\n<\/div>\n<\/div>\n\n\n\n<p class=\"has-text-align-center\">Gracias por tu inter\u00e9s en formar parte de <strong>ELE DE COLOMBIA<\/strong> <strong>SAS<\/strong>. Una vez validemos tu hoja de vida y revisemos la informaci\u00f3n adjunta, nos pondremos en contacto contigo para programar una entrevista si tu perfil se ajusta a nuestras vacantes.<\/p>\n\n\n\n<p class=\"has-text-align-center\"> \u00a1Esperamos conocerte pronto!<\/p>\n\n\n\n<p class=\"\"><\/p>\n","protected":false},"excerpt":{"rendered":"<p>\u2728 \u00danete a Nuestro Equipo y S\u00e9 Parte del Cambio En ELE DE COLOMBIA, creemos que cada persona es clave para construir un mundo m\u00e1s sostenible. Si buscas un trabajo con prop\u00f3sito, estabilidad y oportunidades de crecimiento, \u00a1queremos conocerte! \ud83d\udca1 Buscamos personas comprometidas, responsables y con ganas de aportar al cambio. Vacantes disponibles CONDUCTOR OFICIOS [&hellip;]<\/p>\n","protected":false},"author":1,"featured_media":0,"parent":0,"menu_order":0,"comment_status":"closed","ping_status":"closed","template":"","meta":{"nf_dc_page":"","om_disable_all_campaigns":false,"_monsterinsights_skip_tracking":false,"_monsterinsights_sitenote_active":false,"_monsterinsights_sitenote_note":"","_monsterinsights_sitenote_category":0,"footnotes":""},"class_list":["post-1750","page","type-page","status-publish","hentry"],"_links":{"self":[{"href":"https:\/\/eledecolombia.com.co\/wordpress\/wp-json\/wp\/v2\/pages\/1750","targetHints":{"allow":["GET"]}}],"collection":[{"href":"https:\/\/eledecolombia.com.co\/wordpress\/wp-json\/wp\/v2\/pages"}],"about":[{"href":"https:\/\/eledecolombia.com.co\/wordpress\/wp-json\/wp\/v2\/types\/page"}],"author":[{"embeddable":true,"href":"https:\/\/eledecolombia.com.co\/wordpress\/wp-json\/wp\/v2\/users\/1"}],"replies":[{"embeddable":true,"href":"https:\/\/eledecolombia.com.co\/wordpress\/wp-json\/wp\/v2\/comments?post=1750"}],"version-history":[{"count":5,"href":"https:\/\/eledecolombia.com.co\/wordpress\/wp-json\/wp\/v2\/pages\/1750\/revisions"}],"predecessor-version":[{"id":3694,"href":"https:\/\/eledecolombia.com.co\/wordpress\/wp-json\/wp\/v2\/pages\/1750\/revisions\/3694"}],"wp:attachment":[{"href":"https:\/\/eledecolombia.com.co\/wordpress\/wp-json\/wp\/v2\/media?parent=1750"}],"curies":[{"name":"wp","href":"https:\/\/api.w.org\/{rel}","templated":true}]}}