{"id":1505,"date":"2021-08-18T14:34:15","date_gmt":"2021-08-18T14:34:15","guid":{"rendered":"https:\/\/eledecolombia.com.co\/wordpress\/?page_id=1505"},"modified":"2021-12-02T15:59:41","modified_gmt":"2021-12-02T15:59:41","slug":"quienes-somos","status":"publish","type":"page","link":"https:\/\/eledecolombia.com.co\/wordpress\/quienes-somos\/","title":{"rendered":"Quienes Somos"},"content":{"rendered":"\n<p>POLITICA DEL SGI<\/p>\n<p>&nbsp;<\/p>\n<p>ELE DE COLOMBIA S.A.S trabaja para proteger al medio ambiente mediante el reaprovechamiento y adecuada disposici\u00f3n de residuos s\u00f3lidos aprovechables, la fabricaci\u00f3n y comercializaci\u00f3n de productos ecol\u00f3gicos fabricados con residuos y materiales amigables con el medio ambiente. Adem\u00e1s de servicios de consultor\u00eda para el dise\u00f1o, implementaci\u00f3n y mantenimiento de sistemas integrados de gesti\u00f3n.<\/p>\n<p>Es pol\u00edtica de la organizaci\u00f3n el compromiso con el bienestar f\u00edsico, mental, social y la prevenci\u00f3n de accidentes de trabajo y enfermedades laborales de los trabajadores, as\u00ed como a las dem\u00e1s partes interesadas, ofreciendo lugares de trabajo seguros y adecuados: La relaci\u00f3n sociedad-ambiente buscando la prevenci\u00f3n y control de la contaminaci\u00f3n en sus actividades manteniendo un alto nivel en la prestaci\u00f3n de sus servicios y entregando productos de calidad y fabricados bajo par\u00e1metros ambientales.<\/p>\n<p>En concordancia con lo anterior, contempla los siguientes compromisos:<\/p>\n<p>1. Identificar los peligros y aspectos, valorando los riesgos y estableciendo los respectivos controles<br \/>\n2. proteger la seguridad y salud de todos los trabajadores<br \/>\n3. El compromiso activo de la mejora continua del sistema de gesti\u00f3n integral<br \/>\n4. Cumplir la normatividad nacional vigente aplicable y otros compromisos existentes<br \/>\n5. Garantizar la satisfacci\u00f3n de nuestros clientes.<br \/>\n6. Analizar y determinar las acciones dirigidas a eliminar los peligros y reducir riesgos para la SST<br \/>\n7. Permitir y fomentar la consulta y participaci\u00f3n de los trabajadores.<\/p>\n<p>Nelson Antonio Garz\u00f3n<br \/>\nGerente General<br \/>\nELE DE COLOMBIA S.A.S<\/p>\n","protected":false},"excerpt":{"rendered":"<p>POLITICA DEL SGI &nbsp; ELE DE COLOMBIA S.A.S trabaja para proteger al medio ambiente mediante el reaprovechamiento y adecuada disposici\u00f3n de residuos s\u00f3lidos aprovechables, la fabricaci\u00f3n y comercializaci\u00f3n de productos ecol\u00f3gicos fabricados con residuos y materiales amigables con el medio ambiente. Adem\u00e1s de servicios de consultor\u00eda para el dise\u00f1o, implementaci\u00f3n y mantenimiento de sistemas integrados [&hellip;]<\/p>\n","protected":false},"author":1,"featured_media":0,"parent":0,"menu_order":0,"comment_status":"closed","ping_status":"closed","template":"","meta":{"nf_dc_page":"","om_disable_all_campaigns":false,"_monsterinsights_skip_tracking":false,"_monsterinsights_sitenote_active":false,"_monsterinsights_sitenote_note":"","_monsterinsights_sitenote_category":0,"footnotes":""},"class_list":["post-1505","page","type-page","status-publish","hentry"],"_links":{"self":[{"href":"https:\/\/eledecolombia.com.co\/wordpress\/wp-json\/wp\/v2\/pages\/1505","targetHints":{"allow":["GET"]}}],"collection":[{"href":"https:\/\/eledecolombia.com.co\/wordpress\/wp-json\/wp\/v2\/pages"}],"about":[{"href":"https:\/\/eledecolombia.com.co\/wordpress\/wp-json\/wp\/v2\/types\/page"}],"author":[{"embeddable":true,"href":"https:\/\/eledecolombia.com.co\/wordpress\/wp-json\/wp\/v2\/users\/1"}],"replies":[{"embeddable":true,"href":"https:\/\/eledecolombia.com.co\/wordpress\/wp-json\/wp\/v2\/comments?post=1505"}],"version-history":[{"count":5,"href":"https:\/\/eledecolombia.com.co\/wordpress\/wp-json\/wp\/v2\/pages\/1505\/revisions"}],"predecessor-version":[{"id":1733,"href":"https:\/\/eledecolombia.com.co\/wordpress\/wp-json\/wp\/v2\/pages\/1505\/revisions\/1733"}],"wp:attachment":[{"href":"https:\/\/eledecolombia.com.co\/wordpress\/wp-json\/wp\/v2\/media?parent=1505"}],"curies":[{"name":"wp","href":"https:\/\/api.w.org\/{rel}","templated":true}]}}